{"id":1569,"date":"2018-12-08T11:00:35","date_gmt":"2018-12-08T11:00:35","guid":{"rendered":"https:\/\/demo.gloriathemes.com\/eventchamp\/demo\/?page_id=1569"},"modified":"2025-12-31T15:23:46","modified_gmt":"2025-12-31T15:23:46","slug":"about-us","status":"publish","type":"page","link":"https:\/\/synergiaacademy.com\/?page_id=1569","title":{"rendered":"Hakk\u0131m\u0131zda"},"content":{"rendered":"<div class=\"wpb-content-wrapper\"><div class=\"vc_row wpb_row vc_row-fluid gt-background-position-initial gt-background-attachment-initial gt-overflow-hidden gt-text-default\"><div class=\"wpb_column vc_column_container vc_col-sm-12 vc_col-lg-1 vc_col-md-1 vc_col-xs-12\"><div class=\"vc_column-inner\"><div class=\"wpb_wrapper\"><\/div><\/div><\/div><div class=\"wpb_column vc_column_container vc_col-sm-12 vc_col-lg-10 vc_col-md-10 vc_col-xs-12\"><div class=\"vc_column-inner\"><div class=\"wpb_wrapper\"><div class=\"gt-heading gt-dark gt-size1 gt-align-left\"><div class=\"gt-title\">Synergia Academy, finansal okuryazarl\u0131\u011f\u0131 geli\u015ftirmek, yat\u0131r\u0131m bilincini art\u0131rmak ve sermaye piyasalar\u0131na <span>olan ilgiyi g\u00fc\u00e7lendirmek amac\u0131yla kurulmu\u015f bir e\u011fitim ve dan\u0131\u015fmanl\u0131k ekosistemidir.<\/span><\/div><div class=\"gt-separate\"><div class=\"gt-icon\"><svg xmlns=\"http:\/\/www.w3.org\/2000\/svg\" width=\"24\" height=\"24\" viewBox=\"0 0 24 24\" fill=\"none\" stroke=\"currentColor\" stroke-width=\"2\" stroke-linecap=\"round\" stroke-linejoin=\"round\"><line x1=\"16.5\" y1=\"9.4\" x2=\"7.5\" y2=\"4.21\"><\/line><path d=\"M21 16V8a2 2 0 0 0-1-1.73l-7-4a2 2 0 0 0-2 0l-7 4A2 2 0 0 0 3 8v8a2 2 0 0 0 1 1.73l7 4a2 2 0 0 0 2 0l7-4A2 2 0 0 0 21 16z\"><\/path><polyline points=\"3.27 6.96 12 12.01 20.73 6.96\"><\/polyline><line x1=\"12\" y1=\"22.08\" x2=\"12\" y2=\"12\"><\/line><\/svg><\/div><\/div><\/div><div class=\"vc_empty_space\"   style=\"height: 45px\"><span class=\"vc_empty_space_inner\"><\/span><\/div>\n\t<div class=\"wpb_text_column wpb_content_element vc_custom_1767194623222\" >\n\t\t<div class=\"wpb_wrapper\">\n\t\t\t<p style=\"opacity: 0.8; font-size: 1.37rem; text-align: left;\">Sermaye Piyasalar\u0131 ve Finans d\u00fcnyas\u0131nda bilgi, fark\u0131ndal\u0131k ve deneyimi bir araya getirerek yat\u0131r\u0131mc\u0131lar\u0131n hem <strong><em>teorik bilgiye<\/em> <\/strong>hem de <em><strong>uygulamal\u0131 becerilere<\/strong><\/em> ayn\u0131 anda ula\u015fmas\u0131n\u0131 sa\u011fl\u0131yoruz.<\/p>\n<p style=\"opacity: 0.8; font-size: 1.37rem; text-align: left;\">Alan\u0131nda uzman kadromuzla; <strong>yat\u0131r\u0131mc\u0131lara<\/strong>, <strong>profesyonellere <\/strong>ve <strong>finansal piyasalara ilgi duyan herkese<\/strong> y\u00f6nelik kapsaml\u0131 bilgi, e\u011fitim ve dan\u0131\u015fmanl\u0131k \u00e7\u00f6z\u00fcmleri sunuyoruz.<\/p>\n<p style=\"opacity: 0.8; font-size: 1.37rem; text-align: left;\">E\u011fitim ve Dan\u0131\u015fmanl\u0131k ba\u015fl\u0131klar\u0131m\u0131z; <em><strong>Temel Analiz<\/strong><\/em> E\u011fitimi, <em><strong>Teknik Analiz <\/strong><\/em>E\u011fitimi, <em><strong>Takas Analizi<\/strong><\/em> E\u011fitimi,<em><strong> Algoritmik \u0130\u015flemler<\/strong><\/em>, <em><strong>Sermaye Piyasalar\u0131 Rehberli\u011fi<\/strong><\/em>, <em><strong>Uygulamal\u0131 Canl\u0131 Trade<\/strong><\/em> E\u011fitimleri ve <em><strong>Kripto Varl\u0131k<\/strong><\/em> E\u011fitimleri gibi geni\u015f bir yelpazeyi kaps\u0131yor.<\/p>\n<p style=\"opacity: 0.8; font-size: 1.37rem; text-align: left;\">Her bireyin finansal hedeflerine ula\u015fabilmesi i\u00e7in <em>bilgiye<\/em>, <em>deneyime<\/em> ve <em>profesyonel rehberli\u011fe<\/em> e\u015fit \u015fekilde eri\u015fmesi gerekti\u011fine inan\u0131yoruz.<\/p>\n<p style=\"opacity: 0.8; font-size: 1.37rem; text-align: left;\">Bu nedenle finansal bilginin yaln\u0131zca aktar\u0131lmad\u0131\u011f\u0131; ayn\u0131 zamanda uygulanabilir stratejilere, s\u00fcrd\u00fcr\u00fclebilir yat\u0131r\u0131m al\u0131\u015fkanl\u0131klar\u0131na d\u00f6n\u00fc\u015ft\u00fc\u011f\u00fc bir \u00f6\u011frenme ortam\u0131 olu\u015fturuyoruz.<\/p>\n<p style=\"opacity: 0.8; font-size: 1.37rem; text-align: left;\">Bug\u00fcn, Synergia Academy \u00e7at\u0131s\u0131 alt\u0131nda bir araya gelen her kat\u0131l\u0131mc\u0131; finans\u0131 yaln\u0131zca bir alan olarak de\u011fil, gelece\u011fini \u015fekillendiren bir beceri seti olarak \u00f6\u011freniyor.<\/p>\n<p style=\"opacity: 0.8; font-size: 1.37rem; text-align: left;\">Bu yolculu\u011fu bilgiyle g\u00fc\u00e7lenmek ve finansal fark\u0131ndal\u0131\u011f\u0131 kal\u0131c\u0131 bir k\u00fclt\u00fcre d\u00f6n\u00fc\u015ft\u00fcrmek isteyen herkesle birlikte y\u00fcr\u00fcmeyi hedefliyoruz.<\/p>\n\n\t\t<\/div>\n\t<\/div>\n<div class=\"vc_empty_space\"   style=\"height: 40px\"><span class=\"vc_empty_space_inner\"><\/span><\/div><\/div><\/div><\/div><div class=\"wpb_column vc_column_container vc_col-sm-12 vc_col-lg-1 vc_col-md-1 vc_col-xs-12\"><div class=\"vc_column-inner\"><div class=\"wpb_wrapper\"><\/div><\/div><\/div><\/div><div class=\"vc_row wpb_row vc_row-fluid gt-background-position-initial gt-background-attachment-initial gt-overflow-hidden gt-text-default\"><div class=\"wpb_column vc_column_container vc_col-sm-12\"><div class=\"vc_column-inner\"><div class=\"wpb_wrapper\"><div class=\"vc_empty_space\"   style=\"height: 32px\"><span class=\"vc_empty_space_inner\"><\/span><\/div><\/div><\/div><\/div><\/div>\n<\/div>","protected":false},"excerpt":{"rendered":"Synergia Academy, finansal okuryazarl\u0131\u011f\u0131 geli\u015ftirmek, yat\u0131r\u0131m bilincini art\u0131rmak ve sermaye piyasalar\u0131na olan ilgiyi g\u00fc\u00e7lendirmek amac\u0131yla kurulmu\u015f bir e\u011fitim ve dan\u0131\u015fmanl\u0131k ekosistemidir. Sermaye Piyasalar\u0131 ve Finans d\u00fcnyas\u0131nda bilgi, fark\u0131ndal\u0131k ve deneyimi bir araya getirerek yat\u0131r\u0131mc\u0131lar\u0131n hem teorik bilgiye hem de uygulamal\u0131...","protected":false},"author":1,"featured_media":10485,"parent":0,"menu_order":0,"comment_status":"closed","ping_status":"closed","template":"","meta":{"footnotes":""},"class_list":["post-1569","page","type-page","status-publish","has-post-thumbnail","hentry"],"_hostinger_reach_plugin_has_subscription_block":false,"_hostinger_reach_plugin_is_elementor":false,"_links":{"self":[{"href":"https:\/\/synergiaacademy.com\/index.php?rest_route=\/wp\/v2\/pages\/1569","targetHints":{"allow":["GET"]}}],"collection":[{"href":"https:\/\/synergiaacademy.com\/index.php?rest_route=\/wp\/v2\/pages"}],"about":[{"href":"https:\/\/synergiaacademy.com\/index.php?rest_route=\/wp\/v2\/types\/page"}],"author":[{"embeddable":true,"href":"https:\/\/synergiaacademy.com\/index.php?rest_route=\/wp\/v2\/users\/1"}],"replies":[{"embeddable":true,"href":"https:\/\/synergiaacademy.com\/index.php?rest_route=%2Fwp%2Fv2%2Fcomments&post=1569"}],"version-history":[{"count":16,"href":"https:\/\/synergiaacademy.com\/index.php?rest_route=\/wp\/v2\/pages\/1569\/revisions"}],"predecessor-version":[{"id":10608,"href":"https:\/\/synergiaacademy.com\/index.php?rest_route=\/wp\/v2\/pages\/1569\/revisions\/10608"}],"wp:featuredmedia":[{"embeddable":true,"href":"https:\/\/synergiaacademy.com\/index.php?rest_route=\/wp\/v2\/media\/10485"}],"wp:attachment":[{"href":"https:\/\/synergiaacademy.com\/index.php?rest_route=%2Fwp%2Fv2%2Fmedia&parent=1569"}],"curies":[{"name":"wp","href":"https:\/\/api.w.org\/{rel}","templated":true}]}}